 m. What is the tens digit of d?
4
Suppose k - 4*o = 1532, 15*k + 2*o = 20*k - 7588. What is the hundreds digit of k?
5
Let h(c) = -c**2 + 12*c - 2. Let p be h(11). Suppose -5*q + 6*i = 2*i + 19, 0 = -2*q + 3*i - p. What is the tens digit of (43/1)/(q*(-2)/24)?
7
What is the thousands digit of (0 + 14506/8)/((-21)/(-2016)*12)?
4
Suppose -92*i = -78*i - 42. Suppose 0 = 2*q - i*w - 679, -30*w + 34*w - 20 = 0. What is the tens digit of q?
4
Suppose -i = -9*a - 28424, 12858 = -5*i + 5*a + 155058. What is the units digit of i?
2
Let m be -1096*4/((-4)/(-3)). What is the hundreds digit of (4/3)/(m/549 + 6)?
1
Let r(m) = -1192*m - 520. What is the hundreds digit of r(-6)?
6
Let v be (29/(-7) + 4)*-7. Let z be 2 + 3 - v*(0 + 3). Suppose -2*x - 7 = o, z*o + 3*o - 4*x = 35. What is the units digit of o?
3
Suppose -15 = 3*y - 36. Suppose y*a - p + 982 = 10*a, 3*a - 984 = -3*p. What is the tens digit of a?
2
Let j(u) be the first derivative of 17*u**3/3 - u**2 - 3*u - 18. What is the units digit of j(-6)?
1
Let o(b) = -2*b**3 + 19*b**2 + 6*b - 21. Let l be o(7). Let c = l - -356. What is the units digit of c?
2
Let n be 6/(2/2*4/2). Suppose 5*p - 4*l = 6198, -n*l = 2*p + l - 2496. What is the tens digit of 4/(-7) + p/42?
2
Suppose -5*b = -4*q - 11, 1 = -2*q - 5*b - 12. What is the units digit of q/(-18) - -3*312/162?
6
Let p = 10994 - 4872. What is the units digit of p?
2
Let p(x) = 3*x**2 - 56*x + 2193. What is the thousands digit of p(61)?
9
Let c = 4294 - 2236. Suppose -4*t + 1942 = -c. What is the tens digit of t?
0
Let x = -31 + 34. Let o(k) = 6 + k + 7*k**2 + x*k - 3*k. What is the tens digit of o(3)?
7
Let m = 2137 + -2137. Let d be (-170)/(-6)*12/2. Suppose r + h + 3*h = d, -4*r + 3*h + 604 = m. What is the tens digit of r?
5
Suppose -157*h = -20*h - 604170. What is the tens digit of h?
1
Let f(k) = k**2 + 3*k + 30. Let p be f(-13). Let v = -131 + p. What is the tens digit of v?
2
Let p be (-7 + 11)*-1*1914/8. Let b = p - -2054. What is the tens digit of b?
9
Let h(x) = -35*x + 340. Let w be h(8). Suppose y = -y - 80. What is the units digit of (0 + y/6)*(-72)/w?
8
Suppose 1 = 3*p + 4. Suppose -4*x - 20 = -u - u, 20 = 4*u - 4*x. What is the tens digit of (-615)/(-5) + u - p?
2
Let z = 514 + -514. Suppose z = v - 74 + 39. What is the units digit of v?
5
Let z = 108 - 104. Suppose z*q + 237 = 2065. What is the hundreds digit of q?
4
Let s = -122 + 121. What is the units digit of 5 - -106*s/(-2)?
8
Suppose -2*z + 25 + 15 = 0. Let n be z*((3 - -1) + -2). Suppose 4*f - n = -u, u - 10 = -0*u + 2*f. What is the tens digit of u?
2
Suppose 0 = -19*t + 18*t + 18. Suppose t - 8 = 2*z. Suppose z*r = 5*m + 545, 2*r - 197 + 9 = -4*m. What is the hundreds digit of r?
1
Let i = 3813 + -3460. What is the tens digit of i?
5
Let x = 520 + 50. Let v = x + -241. What is the units digit of v?
9
Let b = -182 + 185. Suppose 3*a = b*o + 1727 + 511, 3*o + 3736 = 5*a. What is the tens digit of a?
4
Let j(u) = 50*u**2 + 4*u + 11. Suppose 2*o + 4 = 4*h - 2*o, 0 = 5*h - 4*o - 1. What is the hundreds digit of j(h)?
4
What is the hundreds digit of 8624/(2/(-28)*(1 + -8))?
2
Let i(z) = 38*z + 76. Let y be i(-2). Suppose 4*v + 4*x = -0*v + 4340, y = 3*x - 12. What is the hundreds digit of v?
0
Let m(k) = -53*k + 956. What is the tens digit of m(-68)?
6
Suppose 68*b - 1075756 - 465464 = 0. What is the units digit of b?
5
Let l(d) = -d**2 - 19*d + 19. Suppose -6*n + 5*n = 16. Let k be l(n). Suppose -482 = -5*w - 3*q, -4*w - 3*q + 455 = k. What is the units digit of w?
4
Suppose -42*b + 191352 = -0*b. What is the units digit of b?
6
Let d = -22415 + 57209. What is the tens digit of d?
9
Let d be (8/12)/((-8)/(-60)). Suppose -3*s - 4*b = -1023, 2*s - 2*b = d*s - 1023. What is the hundreds digit of s?
3
Suppose 14*y = 15*y - 3. Suppose 5*i - 1 = -k, -3*k = -5*i + 2*i - y. Suppose -t = -i*r - r - 21, 3*r = 4*t - 82. What is the tens digit of t?
1
Suppose 30*r = 25*r + 13*r - 91296. What is the tens digit of r?
1
Let c(t) = t**2 - 4*t - 2. Let m be 1/(3 + 28/(-10)). Let v be c(m). Let j(k) = 9*k**2 - 4*k + 7. What is the tens digit of j(v)?
7
Suppose -5*g - 9 = 3*h, 11*h - 12*h - 3 = 5*g. Suppose -7*w + g*w = -1099. What is the hundreds digit of w?
1
Let a(g) = g + 4. Let v be a(-9). Let c be (-15)/6*(v + 3). Suppose 0 = c*j - 3*y + 262 - 862, 0 = 2*j - 2*y - 240. What is the units digit of j?
0
Let a = 29 - 25. Let t be ((-14)/a)/(3/(-132) + 0). Let d = t - 103. What is the units digit of d?
1
Let y(z) = 8276*z**2 - 102*z + 174. What is the hundreds digit of y(2)?
0
Suppose 0 = w - 5*v - 757, -4*w = 17*v - v - 2812. What is the tens digit of w?
2
Let p(k) = 10*k**2 + 33*k - 63. Let u(r) = 4*r**2 + 10*r - 73. Let x be u(-6). What is the hundreds digit of p(x)?
5
Suppose 33 = 3*b + 14*a - 16*a, 0 = -5*b + 2*a + 51. Suppose -b*u + 460 = -107. What is the units digit of u?
3
Let x = 2674 - -3889. What is the tens digit of x?
6
What is the hundreds digit of (-915860)/(-234) + (-10)/65 - 88/(-396)?
9
Suppose 5*r - 2767 = -3*l + 728, 5*r + 1185 = l. Let g = -582 + l. What is the hundreds digit of g?
5
Suppose -5*s + 2*d = -s - 22, 0 = -3*s + 4*d + 19. What is the hundreds digit of 16/40 - ((-2178)/s - -1)?
4
Suppose -4*u - 110 = -n, -4*n + 400 = -0*n + 4*u. Suppose -219 = 4*t + 57. Let z = t + n. What is the units digit of z?
3
Suppose 82*g = -11*g + 24459. What is the units digit of g?
3
Suppose -5*n + 5*m = -13730, m - 2742 = 160*n - 161*n. What is the thousands digit of n?
2
Suppose 15*f - 18*f + 13262 = -4*w, 4389 = f + 5*w. What is the tens digit of f?
1
Suppose -5*c + 9955 = 5*g, -5*g + 2231 = -4*c - 7769. Suppose -4*w + 3992 = -4*j, 0 = -2*w - 0*w + 5*j + g. What is the tens digit of w?
9
Suppose 5*c = 6*b + 195776, 6*c - 2*b - 117456 = 3*c. What is the tens digit of c?
4
Let o be 1/(4/(-1157)) - 24/32. Let l = 194 + o. Let f = l - -146. What is the tens digit of f?
5
Let f(w) = 48 + 3 - 14*w + 10*w**2 - w**3 - 12. Let x be f(9). What is the tens digit of (-738)/(-10) + 1/(-1 - x)?
7
Let c = -167 + 167. Suppose c = -9*p + 4792 + 2804. What is the hundreds digit of p?
8
What is the thousands digit of 9972 + (-5 - (-16)/3)/(3/(-9))?
9
What is the tens digit of 12439 - (-104)/8 - -12?
6
Suppose 2500155 + 14686093 = 475*z + 1791498. What is the ten thousands digit of z?
3
Let n = -177 + 182. Suppose 4*f = -4*i + 1708, 4*f + i = n*f - 423. What is the tens digit of f?
2
Let a be (-5)/(2/(-128)*-4). Let q = a + 173. Suppose u - 3*l = -l + 95, -q = -u + 3*l. What is the units digit of u?
9
Let i = 1558 + 2132. Suppose -2*s - i = 13*w - 15*w, w + 2*s - 1854 = 0. What is the units digit of w?
8
Let v = 51725 - 2756. What is the tens digit of v?
6
Suppose 9*m = 7*m + 60. Let g = -30 + m. Suppose 3*d - 514 = -4*t, t + g*t - 2*d = 123. What is the tens digit of t?
2
Let b(f) = -2*f**3 + 12*f**2 - 15*f - 11. What is the units digit of b(-11)?
8
Let t(v) = -86*v + 27. Let m be t(-5). Suppose -3*h + m = -4*l, 2*h + 3*h = -2*l + 727. What is the hundreds digit of h?
1
Let a(w) = -2*w**3 + 205*w**2 + 29*w - 252. What is the ten thousands digit of a(102)?
1
Let q = -6491 - -10947. What is the thousands digit of q?
4
Let w = 83571 - 56800. What is the ten thousands digit of w?
2
Let v be ((-6 - 0) + 4)*(-63)/2. Suppose -4*a + 385 = 5*d, 2*d + 125 + v = 2*a. What is the units digit of a?
5
Suppose z + 31 = 4*g, g - 3*z - 16 = -0*g. Let y = 6560 - 6235. Suppose g*w + y = 5*j + 10*w, 2*j - 130 = -2*w. What is the units digit of j?
5
Let q(b) = 21*b**2 + 2*b - 4. Let p be q(4). Suppose 5*g - p - 610 = 0. Suppose x = -x + g. What is the units digit of x?
5
Let y(h) = -442*h + 434. What is the hundreds digit of y(-3)?
7
Let n(l) = 2*l + 6. Let c be n(-3). Suppose 24*g - 22*g + 24 = c. What is the hundreds digit of (2 - g/(-7))/((-7)/(-2891))?
1
What is the thousands digit of 1700120/160 + (-10)/2 - (-9)/(-12)?
0
Let f(s) = 25*s**2 - 265*s + 679. What is the tens digit of f(40)?
7
Let q(t) = 1. Let v(j) = j - 1. Let r(p) = 5*q(p) + 6*v(p). Let l be r(8). Suppose l*w - 184 = 46*w. What is the units digit of w?
4
Suppose -27*x = 173 - 1037. Suppose 20*c - 28132 = -x*c. What is the hundreds digit of c?
5
Let p be 20/40 + 113/(-2). Let a = p + -56. Let z = 164 + a. What is the units digit of z?
2
Let r(z) = 3*z